{"id":1709,"date":"2025-09-03T19:09:17","date_gmt":"2025-09-03T17:09:17","guid":{"rendered":"https:\/\/abcdanse-passion.fr\/?page_id=1709"},"modified":"2025-09-03T19:14:32","modified_gmt":"2025-09-03T17:14:32","slug":"prof-veronique","status":"publish","type":"page","link":"https:\/\/abcdanse-passion.fr\/index.php\/prof-veronique\/","title":{"rendered":"Portrait de notre Prof de Rock\u00a0: V\u00e9ronique"},"content":{"rendered":"\n<p><\/p>\n\n\n<div class=\"wp-block-image\">\n<figure class=\"aligncenter size-large is-resized\"><img loading=\"lazy\" decoding=\"async\" width=\"694\" height=\"1024\" src=\"https:\/\/abcdanse-passion.fr\/wp-content\/uploads\/2025\/09\/Prof-veronique-694x1024.png\" alt=\"\" class=\"wp-image-1711\" style=\"width:276px;height:auto\" srcset=\"https:\/\/abcdanse-passion.fr\/wp-content\/uploads\/2025\/09\/Prof-veronique-694x1024.png 694w, https:\/\/abcdanse-passion.fr\/wp-content\/uploads\/2025\/09\/Prof-veronique-203x300.png 203w, https:\/\/abcdanse-passion.fr\/wp-content\/uploads\/2025\/09\/Prof-veronique-768x1133.png 768w, https:\/\/abcdanse-passion.fr\/wp-content\/uploads\/2025\/09\/Prof-veronique.png 880w\" sizes=\"auto, (max-width: 694px) 100vw, 694px\" \/><\/figure><\/div>\n\n\n<p>Attir\u00e9e par la danse depuis toute petite, ce n\u2019est qu\u2019\u00e0 l\u2019\u00e2ge adulte que je me lance dans la pratique de la danse.<\/p>\n\n\n\n<p>Apr\u00e8s une pratique assidue en danse classique, je continue ma formation de danseuse en danse contemporaine en int\u00e9grant la compagnie semi-professionnelle Danse en Seine. Puis c\u2019est la d\u00e9couverte des danses de salon, un v\u00e9ritable coup de c\u0153ur pour ces danses et leurs musiques entra\u00eenantes !<\/p>\n\n\n\n<p>Je suis depuis 2015 comp\u00e9titrice en danses sportives.<\/p>\n\n\n\n<p>Sp\u00e9cialis\u00e9e en Danses Latines, je concr\u00e9tise mon parcours de comp\u00e9titrice sur le plan national et international :<\/p>\n\n\n\n<p>\u2013 Finaliste Championnat de France FFD<\/p>\n\n\n\n<p>\u2013 Demi-Finaliste de comp\u00e9titions Internationales WDSF<\/p>\n\n\n\n<p>\u2013 2\u00e8me place au Championnat R\u00e9gional Ile-de-France<\/p>\n\n\n\n<p>Passionn\u00e9e de danse et de danses \u00e0 2, c\u2019est tout naturellement que je me tourne vers l\u2019enseignement pour transmettre ma passion !<\/p>\n","protected":false},"excerpt":{"rendered":"<p>Attir\u00e9e par la danse depuis toute petite, ce n\u2019est qu\u2019\u00e0 l\u2019\u00e2ge adulte que je me lance dans la pratique de la danse. Apr\u00e8s une pratique assidue en danse classique, je continue ma formation de danseuse en danse contemporaine en int\u00e9grant la compagnie semi-professionnelle Danse en Seine. Puis c\u2019est la d\u00e9couverte&#8230;<\/p>\n","protected":false},"author":2,"featured_media":0,"parent":0,"menu_order":0,"comment_status":"closed","ping_status":"closed","template":"","meta":{"footnotes":""},"class_list":["post-1709","page","type-page","status-publish","hentry"],"_links":{"self":[{"href":"https:\/\/abcdanse-passion.fr\/index.php\/wp-json\/wp\/v2\/pages\/1709","targetHints":{"allow":["GET"]}}],"collection":[{"href":"https:\/\/abcdanse-passion.fr\/index.php\/wp-json\/wp\/v2\/pages"}],"about":[{"href":"https:\/\/abcdanse-passion.fr\/index.php\/wp-json\/wp\/v2\/types\/page"}],"author":[{"embeddable":true,"href":"https:\/\/abcdanse-passion.fr\/index.php\/wp-json\/wp\/v2\/users\/2"}],"replies":[{"embeddable":true,"href":"https:\/\/abcdanse-passion.fr\/index.php\/wp-json\/wp\/v2\/comments?post=1709"}],"version-history":[{"count":3,"href":"https:\/\/abcdanse-passion.fr\/index.php\/wp-json\/wp\/v2\/pages\/1709\/revisions"}],"predecessor-version":[{"id":1717,"href":"https:\/\/abcdanse-passion.fr\/index.php\/wp-json\/wp\/v2\/pages\/1709\/revisions\/1717"}],"wp:attachment":[{"href":"https:\/\/abcdanse-passion.fr\/index.php\/wp-json\/wp\/v2\/media?parent=1709"}],"curies":[{"name":"wp","href":"https:\/\/api.w.org\/{rel}","templated":true}]}}